{"id":1277,"date":"2020-05-15T13:25:41","date_gmt":"2020-05-15T13:25:41","guid":{"rendered":"http:\/\/www.uni3venezuela.org.ve\/?page_id=1277"},"modified":"2020-06-04T15:40:57","modified_gmt":"2020-06-04T15:40:57","slug":"mov-bienestar","status":"publish","type":"page","link":"https:\/\/www.uni3venezuela.org.ve\/index.php\/mov-bienestar\/","title":{"rendered":"Movimiento como Bienestar"},"content":{"rendered":"\n<p style=\"text-align: center;\"><strong><span style=\"font-family: arial, helvetica, sans-serif; font-size: 18pt; color: #000000;\">Movimiento como bienestar con Carol Guilarte<\/span><\/strong><\/p>\n<p style=\"text-align: center;\"><strong><span style=\"font-family: arial, helvetica, sans-serif; font-size: 14pt; color: #000000;\">Muestra de Tambor de Mina<\/span><\/strong><\/p>\n<p style=\"text-align: justify;\"><span style=\"font-family: arial, helvetica, sans-serif; color: #000000;\">En este v\u00eddeo se presenta el Tambor de Mina. Te invitamos a que tambi\u00e9n veas el v\u00eddeo donde se da la clase<\/span><\/p>\n\n\n\n<figure class=\"wp-block-embed-youtube aligncenter wp-block-embed is-type-video is-provider-youtube wp-embed-aspect-4-3 wp-has-aspect-ratio\"><div class=\"wp-block-embed__wrapper\">\n<iframe loading=\"lazy\" title=\"Movimiento como bienestar con Carol Guilarte - UNI3 Venezuela \/ Muestra de Tambor de Mina\" width=\"800\" height=\"600\" src=\"https:\/\/www.youtube.com\/embed\/JgMfDE-5ysI?feature=oembed\" frameborder=\"0\" allow=\"accelerometer; autoplay; encrypted-media; gyroscope; picture-in-picture\" allowfullscreen><\/iframe>\n<\/div><\/figure>\n\n\n\n<figure class=\"wp-block-embed-youtube wp-block-embed is-type-video is-provider-youtube wp-embed-aspect-16-9 wp-has-aspect-ratio\"><div class=\"wp-block-embed__wrapper\">\n<iframe loading=\"lazy\" title=\"Movimiento como Bienestar con Carol Guilarte - UNI3 Venezuela \/ Tambor de Mina\" width=\"800\" height=\"450\" src=\"https:\/\/www.youtube.com\/embed\/YlG9Muoe0eg?feature=oembed\" frameborder=\"0\" allow=\"accelerometer; autoplay; encrypted-media; gyroscope; picture-in-picture\" allowfullscreen><\/iframe>\n<\/div><\/figure>\n\n\n\n<h1 style=\"text-align: center;\"><span style=\"font-size: 18pt;\"><strong>Mantente en movimiento con Kharol Guilarte<\/strong><\/span><\/h1>\n<p style=\"text-align: center;\"><strong><span style=\"color: #000000; font-size: 18pt;\">Estiramiento<\/span><\/strong><\/p>\n<p style=\"text-align: center;\"><strong><span style=\"color: #000000; font-size: 18pt;\">Ejercicios para el\u00a0 pecho<\/span><\/strong><\/p>\n\n\n\n<figure class=\"wp-block-embed-youtube wp-block-embed is-type-video is-provider-youtube wp-embed-aspect-16-9 wp-has-aspect-ratio\"><div class=\"wp-block-embed__wrapper\">\n<iframe loading=\"lazy\" title=\"Mantente en movimiento con Kharol Guilarte UNI3 Venezuela \/ Estiramiento (1)\" width=\"800\" height=\"450\" src=\"https:\/\/www.youtube.com\/embed\/td0msXVLufI?feature=oembed\" frameborder=\"0\" allow=\"accelerometer; autoplay; encrypted-media; gyroscope; picture-in-picture\" allowfullscreen><\/iframe>\n<\/div><\/figure>\n\n\n\n<h1 style=\"text-align: center;\"><strong><span style=\"color: #000000; font-family: arial, helvetica, sans-serif; font-size: 18pt;\">Estiramientos (2)<br><\/span><\/strong><\/h1>\n<p style=\"text-align: justify;\"><span style=\"color: #000000; font-family: arial, helvetica, sans-serif;\">Para tu bienestar, mantente en movimiento. En el v\u00eddeo Kharol Guilarte nos presenta estiramientos para nuestro cuerpo. No te lo pierdas<\/span><\/p>\n\n\n\n<figure class=\"wp-block-embed-youtube wp-block-embed is-type-video is-provider-youtube wp-embed-aspect-16-9 wp-has-aspect-ratio\"><div class=\"wp-block-embed__wrapper\">\n<iframe loading=\"lazy\" title=\"Mantente en movimiento con Kharol Guilarte UNI3 Venezuela \/ Estiramientos (2)\" width=\"800\" height=\"450\" src=\"https:\/\/www.youtube.com\/embed\/bGAhfwAJI9Q?feature=oembed\" frameborder=\"0\" allow=\"accelerometer; autoplay; encrypted-media; gyroscope; picture-in-picture\" allowfullscreen><\/iframe>\n<\/div><\/figure>\n\n\n\n<h1 style=\"text-align: center;\"><strong><span style=\"font-size: 18pt;\">KG Danza Movimiento<\/span><\/strong><\/h1>\n\n\n\n<figure class=\"wp-block-embed-youtube wp-block-embed is-type-video is-provider-youtube wp-embed-aspect-16-9 wp-has-aspect-ratio\"><div class=\"wp-block-embed__wrapper\">\n<iframe loading=\"lazy\" title=\"Mantente en movimiento con Kharol Guilarte UNI3 Venezuela \/ Danza en movimiento\" width=\"800\" height=\"450\" src=\"https:\/\/www.youtube.com\/embed\/P-VmTesKxj4?feature=oembed\" frameborder=\"0\" allow=\"accelerometer; autoplay; encrypted-media; gyroscope; picture-in-picture\" allowfullscreen><\/iframe>\n<\/div><\/figure>\n","protected":false},"excerpt":{"rendered":"<p>Movimiento como bienestar con Carol Guilarte Muestra de Tambor de Mina En este v\u00eddeo se presenta el Tambor de Mina.<\/p>\n","protected":false},"author":1,"featured_media":0,"parent":0,"menu_order":0,"comment_status":"closed","ping_status":"closed","template":"","meta":{"colormag_page_container_layout":"default_layout","colormag_page_sidebar_layout":"default_layout","footnotes":""},"class_list":["post-1277","page","type-page","status-publish","hentry"],"_links":{"self":[{"href":"https:\/\/www.uni3venezuela.org.ve\/index.php\/wp-json\/wp\/v2\/pages\/1277","targetHints":{"allow":["GET"]}}],"collection":[{"href":"https:\/\/www.uni3venezuela.org.ve\/index.php\/wp-json\/wp\/v2\/pages"}],"about":[{"href":"https:\/\/www.uni3venezuela.org.ve\/index.php\/wp-json\/wp\/v2\/types\/page"}],"author":[{"embeddable":true,"href":"https:\/\/www.uni3venezuela.org.ve\/index.php\/wp-json\/wp\/v2\/users\/1"}],"replies":[{"embeddable":true,"href":"https:\/\/www.uni3venezuela.org.ve\/index.php\/wp-json\/wp\/v2\/comments?post=1277"}],"version-history":[{"count":6,"href":"https:\/\/www.uni3venezuela.org.ve\/index.php\/wp-json\/wp\/v2\/pages\/1277\/revisions"}],"predecessor-version":[{"id":1349,"href":"https:\/\/www.uni3venezuela.org.ve\/index.php\/wp-json\/wp\/v2\/pages\/1277\/revisions\/1349"}],"wp:attachment":[{"href":"https:\/\/www.uni3venezuela.org.ve\/index.php\/wp-json\/wp\/v2\/media?parent=1277"}],"curies":[{"name":"wp","href":"https:\/\/api.w.org\/{rel}","templated":true}]}}